{"id":14170,"date":"2026-02-09T20:39:38","date_gmt":"2026-02-09T20:39:38","guid":{"rendered":"https:\/\/nowa.zsa.wloclawek.pl\/?page_id=14170"},"modified":"2026-02-09T20:45:47","modified_gmt":"2026-02-09T20:45:47","slug":"technik_teleinformatyk","status":"publish","type":"page","link":"https:\/\/nowa.zsa.wloclawek.pl\/?page_id=14170","title":{"rendered":"Technik teleinformatyk"},"content":{"rendered":"\t\t<div data-elementor-type=\"wp-page\" data-elementor-id=\"14170\" class=\"elementor elementor-14170\">\n\t\t\t\t<div class=\"elementor-element elementor-element-e2a530a e-con-full e-flex e-con e-parent\" data-id=\"e2a530a\" data-element_type=\"container\" data-settings=\"{&quot;background_background&quot;:&quot;classic&quot;}\">\n\t\t\t\t<div class=\"elementor-element elementor-element-9e5671d elementor-widget__width-initial elementor-widget-tablet__width-inherit elementor-widget elementor-widget-heading\" data-id=\"9e5671d\" data-element_type=\"widget\" data-widget_type=\"heading.default\">\n\t\t\t\t\t<h2 class=\"elementor-heading-title elementor-size-default\">Akademickie Technikum Wojskowe<\/h2>\t\t\t\t<\/div>\n\t\t\t\t<\/div>\n\t\t<div class=\"elementor-element elementor-element-825021a e-flex e-con-boxed e-con e-parent\" data-id=\"825021a\" data-element_type=\"container\">\n\t\t\t\t\t<div class=\"e-con-inner\">\n\t\t<div class=\"elementor-element elementor-element-47bfa5d e-con-full e-flex e-con e-child\" data-id=\"47bfa5d\" data-element_type=\"container\">\n\t\t<div class=\"elementor-element elementor-element-7cf44f7 e-con-full e-flex e-con e-child\" data-id=\"7cf44f7\" data-element_type=\"container\">\n\t\t<div class=\"elementor-element elementor-element-d69e22c animated-fast e-con-full e-flex e-con e-child\" data-id=\"d69e22c\" data-element_type=\"container\" data-settings=\"{&quot;animation&quot;:&quot;none&quot;,&quot;background_background&quot;:&quot;classic&quot;}\">\n\t\t<div class=\"elementor-element elementor-element-ef42177 e-con-full e-flex e-con e-child\" data-id=\"ef42177\" data-element_type=\"container\">\n\t\t<div class=\"elementor-element elementor-element-3cf785f e-con-full e-flex e-con e-child\" data-id=\"3cf785f\" data-element_type=\"container\" data-settings=\"{&quot;shape_divider_top&quot;:&quot;arrow&quot;}\">\n\t\t\t\t<div class=\"elementor-shape elementor-shape-top\" aria-hidden=\"true\" data-negative=\"false\">\n\t\t\t<svg xmlns=\"http:\/\/www.w3.org\/2000\/svg\" viewBox=\"0 0 700 10\" preserveAspectRatio=\"none\">\n\t<path class=\"elementor-shape-fill\" d=\"M350,10L340,0h20L350,10z\"\/>\n<\/svg>\t\t<\/div>\n\t\t\t\t<div class=\"elementor-element elementor-element-bb761d2 elementor-widget elementor-widget-image\" data-id=\"bb761d2\" data-element_type=\"widget\" data-widget_type=\"image.default\">\n\t\t\t\t\t\t\t\t\t\t\t\t\t\t\t<img fetchpriority=\"high\" decoding=\"async\" width=\"501\" height=\"596\" src=\"https:\/\/nowa.zsa.wloclawek.pl\/wp-content\/uploads\/2026\/02\/tarczaATW.png\" class=\"attachment-full size-full wp-image-14160\" alt=\"\" \/>\t\t\t\t\t\t\t\t\t\t\t\t\t\t\t<\/div>\n\t\t\t\t<\/div>\n\t\t<div class=\"elementor-element elementor-element-dec1983 e-con-full e-flex e-con e-child\" data-id=\"dec1983\" data-element_type=\"container\">\n\t\t\t\t<div class=\"elementor-element elementor-element-5077d41 elementor-view-default elementor-widget elementor-widget-icon\" data-id=\"5077d41\" data-element_type=\"widget\" data-widget_type=\"icon.default\">\n\t\t\t\t\t\t\t<div class=\"elementor-icon-wrapper\">\n\t\t\t<div class=\"elementor-icon\">\n\t\t\t<svg aria-hidden=\"true\" class=\"e-font-icon-svg e-fas-user-graduate\" viewBox=\"0 0 448 512\" xmlns=\"http:\/\/www.w3.org\/2000\/svg\"><path d=\"M319.4 320.6L224 416l-95.4-95.4C57.1 323.7 0 382.2 0 454.4v9.6c0 26.5 21.5 48 48 48h352c26.5 0 48-21.5 48-48v-9.6c0-72.2-57.1-130.7-128.6-133.8zM13.6 79.8l6.4 1.5v58.4c-7 4.2-12 11.5-12 20.3 0 8.4 4.6 15.4 11.1 19.7L3.5 242c-1.7 6.9 2.1 14 7.6 14h41.8c5.5 0 9.3-7.1 7.6-14l-15.6-62.3C51.4 175.4 56 168.4 56 160c0-8.8-5-16.1-12-20.3V87.1l66 15.9c-8.6 17.2-14 36.4-14 57 0 70.7 57.3 128 128 128s128-57.3 128-128c0-20.6-5.3-39.8-14-57l96.3-23.2c18.2-4.4 18.2-27.1 0-31.5l-190.4-46c-13-3.1-26.7-3.1-39.7 0L13.6 48.2c-18.1 4.4-18.1 27.2 0 31.6z\"><\/path><\/svg>\t\t\t<\/div>\n\t\t<\/div>\n\t\t\t\t\t\t<\/div>\n\t\t\t\t<div class=\"elementor-element elementor-element-27ac895 elementor-widget-tablet__width-inherit elementor-widget elementor-widget-heading\" data-id=\"27ac895\" data-element_type=\"widget\" data-widget_type=\"heading.default\">\n\t\t\t\t\t<h2 class=\"elementor-heading-title elementor-size-default\">Technik teleinformatyk<\/h2>\t\t\t\t<\/div>\n\t\t\t\t<div class=\"elementor-element elementor-element-6146bec elementor-widget-tablet__width-inherit elementor-widget__width-inherit elementor-widget elementor-widget-text-editor\" data-id=\"6146bec\" data-element_type=\"widget\" data-widget_type=\"text-editor.default\">\n\t\t\t\t\t\t\t\t\t<p><style>\na {<br \/>    text-decoration: none;<br \/>    color: #464feb;<br \/>}<br \/>tr th, tr td {<br \/>    border: 1px solid #e6e6e6;<br \/>}<br \/>tr th {<br \/>    background-color: #f5f5f5;<br \/>}<br \/><\/style><\/p><div><p>W Akademickim Technikum Wojskowym przygotujemy Ci\u0119 do pracy w \u015bwiecie nowoczesnych technologii i system\u00f3w \u0142\u0105czno\u015bci. Zdobywasz praktyczne umiej\u0119tno\u015bci z zakresu sieci komputerowych, system\u00f3w teleinformatycznych, bezpiecze\u0144stwa danych i nowoczesnych urz\u0105dze\u0144 komunikacyjnych \u2013 a wszystko w oparciu o wojskow\u0105 dyscyplin\u0119, wsp\u00f3\u0142prac\u0119 i odpowiedzialno\u015b\u0107.<\/p><p><strong>Tu stajesz si\u0119 specjalist\u0105, na kt\u00f3rego zawsze jest zapotrzebowanie.<\/strong><\/p><\/div>\t\t\t\t\t\t\t\t<\/div>\n\t\t\t\t<div class=\"elementor-element elementor-element-3a7c400 elementor-align-left elementor-widget elementor-widget-button\" data-id=\"3a7c400\" data-element_type=\"widget\" data-widget_type=\"button.default\">\n\t\t\t\t\t\t\t\t\t\t<a class=\"elementor-button elementor-button-link elementor-size-sm\" href=\"#\">\n\t\t\t\t\t\t<span class=\"elementor-button-content-wrapper\">\n\t\t\t\t\t\t\t\t\t<span class=\"elementor-button-text\">Czytaj wi\u0119cej<\/span>\n\t\t\t\t\t<\/span>\n\t\t\t\t\t<\/a>\n\t\t\t\t\t\t\t\t<\/div>\n\t\t\t\t<\/div>\n\t\t\t\t<\/div>\n\t\t\t\t<\/div>\n\t\t\t\t<\/div>\n\t\t\t\t<\/div>\n\t\t\t\t\t<\/div>\n\t\t\t\t<\/div>\n\t\t\t\t<\/div>\n\t\t","protected":false},"excerpt":{"rendered":"<p>Akademickie Technikum Wojskowe Technik teleinformatyk W Akademickim Technikum Wojskowym przygotujemy Ci\u0119 do pracy w \u015bwiecie nowoczesnych technologii i system\u00f3w \u0142\u0105czno\u015bci. Zdobywasz praktyczne umiej\u0119tno\u015bci z zakresu sieci komputerowych, system\u00f3w teleinformatycznych, bezpiecze\u0144stwa danych i nowoczesnych urz\u0105dze\u0144 komunikacyjnych \u2013 a wszystko w oparciu o wojskow\u0105 dyscyplin\u0119, wsp\u00f3\u0142prac\u0119 i odpowiedzialno\u015b\u0107. Tu stajesz si\u0119 specjalist\u0105, [&hellip;]<\/p>\n","protected":false},"author":2,"featured_media":0,"parent":0,"menu_order":0,"comment_status":"closed","ping_status":"closed","template":"page-templates\/full-width-transparent.php","meta":{"footnotes":""},"class_list":["post-14170","page","type-page","status-publish","hentry"],"_links":{"self":[{"href":"https:\/\/nowa.zsa.wloclawek.pl\/index.php?rest_route=\/wp\/v2\/pages\/14170","targetHints":{"allow":["GET"]}}],"collection":[{"href":"https:\/\/nowa.zsa.wloclawek.pl\/index.php?rest_route=\/wp\/v2\/pages"}],"about":[{"href":"https:\/\/nowa.zsa.wloclawek.pl\/index.php?rest_route=\/wp\/v2\/types\/page"}],"author":[{"embeddable":true,"href":"https:\/\/nowa.zsa.wloclawek.pl\/index.php?rest_route=\/wp\/v2\/users\/2"}],"replies":[{"embeddable":true,"href":"https:\/\/nowa.zsa.wloclawek.pl\/index.php?rest_route=%2Fwp%2Fv2%2Fcomments&post=14170"}],"version-history":[{"count":14,"href":"https:\/\/nowa.zsa.wloclawek.pl\/index.php?rest_route=\/wp\/v2\/pages\/14170\/revisions"}],"predecessor-version":[{"id":14184,"href":"https:\/\/nowa.zsa.wloclawek.pl\/index.php?rest_route=\/wp\/v2\/pages\/14170\/revisions\/14184"}],"wp:attachment":[{"href":"https:\/\/nowa.zsa.wloclawek.pl\/index.php?rest_route=%2Fwp%2Fv2%2Fmedia&parent=14170"}],"curies":[{"name":"wp","href":"https:\/\/api.w.org\/{rel}","templated":true}]}}