{"id":13918,"date":"2026-02-09T16:51:08","date_gmt":"2026-02-09T16:51:08","guid":{"rendered":"https:\/\/nowa.zsa.wloclawek.pl\/?page_id=13918"},"modified":"2026-02-09T17:14:30","modified_gmt":"2026-02-09T17:14:30","slug":"szkola_sportowa","status":"publish","type":"page","link":"https:\/\/nowa.zsa.wloclawek.pl\/?page_id=13918","title":{"rendered":"Szko\u0142a sportowa"},"content":{"rendered":"\t\t<div data-elementor-type=\"wp-page\" data-elementor-id=\"13918\" class=\"elementor elementor-13918\">\n\t\t\t\t<div class=\"elementor-element elementor-element-1b41bd3 e-con-full e-flex e-con e-parent\" data-id=\"1b41bd3\" data-element_type=\"container\" data-settings=\"{&quot;background_background&quot;:&quot;classic&quot;}\">\n\t\t\t\t<div class=\"elementor-element elementor-element-48b30ae elementor-widget__width-initial elementor-widget-tablet__width-inherit elementor-widget elementor-widget-heading\" data-id=\"48b30ae\" data-element_type=\"widget\" data-widget_type=\"heading.default\">\n\t\t\t\t\t<h2 class=\"elementor-heading-title elementor-size-default\">Akademicka Szko\u0142a Podstawowa Mistrzostwa Sportowego nr 1<\/h2>\t\t\t\t<\/div>\n\t\t\t\t<\/div>\n\t\t<div class=\"elementor-element elementor-element-af69867 e-flex e-con-boxed e-con e-parent\" data-id=\"af69867\" data-element_type=\"container\">\n\t\t\t\t\t<div class=\"e-con-inner\">\n\t\t<div class=\"elementor-element elementor-element-dcc9409 e-con-full e-flex e-con e-child\" data-id=\"dcc9409\" data-element_type=\"container\">\n\t\t<div class=\"elementor-element elementor-element-726291b e-con-full e-flex e-con e-child\" data-id=\"726291b\" data-element_type=\"container\">\n\t\t<div class=\"elementor-element elementor-element-adda81f animated-fast e-con-full e-flex e-con e-child\" data-id=\"adda81f\" data-element_type=\"container\" data-settings=\"{&quot;animation&quot;:&quot;none&quot;,&quot;background_background&quot;:&quot;classic&quot;}\">\n\t\t<div class=\"elementor-element elementor-element-3e97443 e-con-full e-flex e-con e-child\" data-id=\"3e97443\" data-element_type=\"container\">\n\t\t<div class=\"elementor-element elementor-element-795bea2 e-con-full e-flex e-con e-child\" data-id=\"795bea2\" data-element_type=\"container\" data-settings=\"{&quot;shape_divider_top&quot;:&quot;arrow&quot;}\">\n\t\t\t\t<div class=\"elementor-shape elementor-shape-top\" aria-hidden=\"true\" data-negative=\"false\">\n\t\t\t<svg xmlns=\"http:\/\/www.w3.org\/2000\/svg\" viewBox=\"0 0 700 10\" preserveAspectRatio=\"none\">\n\t<path class=\"elementor-shape-fill\" d=\"M350,10L340,0h20L350,10z\"\/>\n<\/svg>\t\t<\/div>\n\t\t\t\t<div class=\"elementor-element elementor-element-b9a9eaf elementor-widget elementor-widget-image\" data-id=\"b9a9eaf\" data-element_type=\"widget\" data-widget_type=\"image.default\">\n\t\t\t\t\t\t\t\t\t\t\t\t\t\t\t<img fetchpriority=\"high\" decoding=\"async\" width=\"501\" height=\"596\" src=\"https:\/\/nowa.zsa.wloclawek.pl\/wp-content\/uploads\/2026\/02\/tarczaASPMS.png\" class=\"attachment-full size-full wp-image-13935\" alt=\"\" \/>\t\t\t\t\t\t\t\t\t\t\t\t\t\t\t<\/div>\n\t\t\t\t<\/div>\n\t\t<div class=\"elementor-element elementor-element-26afdc2 e-con-full e-flex e-con e-child\" data-id=\"26afdc2\" data-element_type=\"container\">\n\t\t\t\t<div class=\"elementor-element elementor-element-ca52cb3 elementor-view-default elementor-widget elementor-widget-icon\" data-id=\"ca52cb3\" data-element_type=\"widget\" data-widget_type=\"icon.default\">\n\t\t\t\t\t\t\t<div class=\"elementor-icon-wrapper\">\n\t\t\t<div class=\"elementor-icon\">\n\t\t\t<svg aria-hidden=\"true\" class=\"e-font-icon-svg e-fas-user-graduate\" viewBox=\"0 0 448 512\" xmlns=\"http:\/\/www.w3.org\/2000\/svg\"><path d=\"M319.4 320.6L224 416l-95.4-95.4C57.1 323.7 0 382.2 0 454.4v9.6c0 26.5 21.5 48 48 48h352c26.5 0 48-21.5 48-48v-9.6c0-72.2-57.1-130.7-128.6-133.8zM13.6 79.8l6.4 1.5v58.4c-7 4.2-12 11.5-12 20.3 0 8.4 4.6 15.4 11.1 19.7L3.5 242c-1.7 6.9 2.1 14 7.6 14h41.8c5.5 0 9.3-7.1 7.6-14l-15.6-62.3C51.4 175.4 56 168.4 56 160c0-8.8-5-16.1-12-20.3V87.1l66 15.9c-8.6 17.2-14 36.4-14 57 0 70.7 57.3 128 128 128s128-57.3 128-128c0-20.6-5.3-39.8-14-57l96.3-23.2c18.2-4.4 18.2-27.1 0-31.5l-190.4-46c-13-3.1-26.7-3.1-39.7 0L13.6 48.2c-18.1 4.4-18.1 27.2 0 31.6z\"><\/path><\/svg>\t\t\t<\/div>\n\t\t<\/div>\n\t\t\t\t\t\t<\/div>\n\t\t\t\t<div class=\"elementor-element elementor-element-973e9fe elementor-widget-tablet__width-inherit elementor-widget elementor-widget-heading\" data-id=\"973e9fe\" data-element_type=\"widget\" data-widget_type=\"heading.default\">\n\t\t\t\t\t<h2 class=\"elementor-heading-title elementor-size-default\">Do\u0142\u0105cz do nas - tu zaczyna si\u0119 droga do mistrzostwa!<\/h2>\t\t\t\t<\/div>\n\t\t\t\t<div class=\"elementor-element elementor-element-02f2627 elementor-widget-tablet__width-inherit elementor-widget__width-inherit elementor-widget elementor-widget-text-editor\" data-id=\"02f2627\" data-element_type=\"widget\" data-widget_type=\"text-editor.default\">\n\t\t\t\t\t\t\t\t\t<p><style>\na {<br \/>    text-decoration: none;<br \/>    color: #464feb;<br \/>}<br \/>tr th, tr td {<br \/>    border: 1px solid #e6e6e6;<br \/>}<br \/>tr th {<br \/>    background-color: #f5f5f5;<br \/>}<br \/><\/style><\/p><div><p>Tu ka\u017cde dziecko mo\u017ce po\u0142\u0105czy\u0107 nauk\u0119 z pasj\u0105 do sportu. Oferujemy nowoczesne zaj\u0119cia edukacyjne, profesjonalne treningi dostosowane do wieku oraz atmosfer\u0119, kt\u00f3ra motywuje do dzia\u0142ania i buduje pewno\u015b\u0107 siebie.<\/p><p>W ASPMS wspieramy rozw\u00f3j m\u0142odych sportowc\u00f3w od pierwszych szkolnych krok\u00f3w \u2014 dbaj\u0105c zar\u00f3wno o ich kondycj\u0119, jak i ich wszechstronny rozw\u00f3j!<\/p><\/div>\t\t\t\t\t\t\t\t<\/div>\n\t\t\t\t<div class=\"elementor-element elementor-element-fb5f8c9 elementor-align-left elementor-widget elementor-widget-button\" data-id=\"fb5f8c9\" data-element_type=\"widget\" data-widget_type=\"button.default\">\n\t\t\t\t\t\t\t\t\t\t<a class=\"elementor-button elementor-button-link elementor-size-sm\" href=\"#\">\n\t\t\t\t\t\t<span class=\"elementor-button-content-wrapper\">\n\t\t\t\t\t\t\t\t\t<span class=\"elementor-button-text\">Czytaj wi\u0119cej<\/span>\n\t\t\t\t\t<\/span>\n\t\t\t\t\t<\/a>\n\t\t\t\t\t\t\t\t<\/div>\n\t\t\t\t<\/div>\n\t\t\t\t<\/div>\n\t\t\t\t<\/div>\n\t\t\t\t<\/div>\n\t\t\t\t<\/div>\n\t\t\t\t\t<\/div>\n\t\t\t\t<\/div>\n\t\t\t\t<\/div>\n\t\t","protected":false},"excerpt":{"rendered":"<p>Akademicka Szko\u0142a Podstawowa Mistrzostwa Sportowego nr 1 Do\u0142\u0105cz do nas &#8211; tu zaczyna si\u0119 droga do mistrzostwa! Tu ka\u017cde dziecko mo\u017ce po\u0142\u0105czy\u0107 nauk\u0119 z pasj\u0105 do sportu. Oferujemy nowoczesne zaj\u0119cia edukacyjne, profesjonalne treningi dostosowane do wieku oraz atmosfer\u0119, kt\u00f3ra motywuje do dzia\u0142ania i buduje pewno\u015b\u0107 siebie. W ASPMS wspieramy rozw\u00f3j [&hellip;]<\/p>\n","protected":false},"author":2,"featured_media":0,"parent":0,"menu_order":0,"comment_status":"closed","ping_status":"closed","template":"page-templates\/full-width-transparent.php","meta":{"footnotes":""},"class_list":["post-13918","page","type-page","status-publish","hentry"],"_links":{"self":[{"href":"https:\/\/nowa.zsa.wloclawek.pl\/index.php?rest_route=\/wp\/v2\/pages\/13918","targetHints":{"allow":["GET"]}}],"collection":[{"href":"https:\/\/nowa.zsa.wloclawek.pl\/index.php?rest_route=\/wp\/v2\/pages"}],"about":[{"href":"https:\/\/nowa.zsa.wloclawek.pl\/index.php?rest_route=\/wp\/v2\/types\/page"}],"author":[{"embeddable":true,"href":"https:\/\/nowa.zsa.wloclawek.pl\/index.php?rest_route=\/wp\/v2\/users\/2"}],"replies":[{"embeddable":true,"href":"https:\/\/nowa.zsa.wloclawek.pl\/index.php?rest_route=%2Fwp%2Fv2%2Fcomments&post=13918"}],"version-history":[{"count":37,"href":"https:\/\/nowa.zsa.wloclawek.pl\/index.php?rest_route=\/wp\/v2\/pages\/13918\/revisions"}],"predecessor-version":[{"id":13960,"href":"https:\/\/nowa.zsa.wloclawek.pl\/index.php?rest_route=\/wp\/v2\/pages\/13918\/revisions\/13960"}],"wp:attachment":[{"href":"https:\/\/nowa.zsa.wloclawek.pl\/index.php?rest_route=%2Fwp%2Fv2%2Fmedia&parent=13918"}],"curies":[{"name":"wp","href":"https:\/\/api.w.org\/{rel}","templated":true}]}}